What is the hundreds digit of 34803?
8
What is the thousands digit of 6576?
6
What is the ten thousands digit of 873824?
7
What is the millions digit of 3367319?
3
What is the tens digit of 15977283?
8
What is the thousands digit of 266912?
6
What is the ten thousands digit of 161748?
6
What is the thousands digit of 13801826?
1
What is the millions digit of 8151436?
8
What is the thousands digit of 483699?
3
What is the units digit of 109140?
0
What is the hundred thousands digit of 1422546?
4
What is the tens digit of 851850?
5
What is the hundreds digit of 11719865?
8
What is the units digit of 226479?
9
What is the units digit of 1249952?
2
What is the millions digit of 11037901?
1
What is the tens digit of 249274?
7
What is the hundred thousands digit of 22571213?
5
What is the ten thousands digit of 1545138?
4
What is the ten thousands digit of 3095998?
9
What is the hundreds digit of 358218?
2
What is the hundred thousands digit of 1294553?
2
What is the millions digit of 6417205?
6
What is the hundreds digit of 835998?
9
What is the hundred thousands digit of 8746581?
7
What is the units digit of 11805084?
4
What is the ten thousands digit of 25323561?
2
What is the tens digit of 595199?
9
What is the tens digit of 59467?
6
What is the units digit of 10283988?
8
What is the units digit of 2844925?
5
What is the tens digit of 93182?
8
What is the hundreds digit of 1396308?
3
What is the units digit of 47202?
2
What is the thousands digit of 6524306?
4
What is the tens digit of 956389?
8
What is the ten thousands digit of 5427172?
2
What is the thousands digit of 769873?
9
What is the hundred thousands digit of 13036643?
0
What is the ten thousands digit of 3578945?
7
What is the thousands digit of 6660947?
0
What is the thousands digit of 12601192?
1
What is the tens digit of 2780171?
7
What is the hundred thousands digit of 152407?
1
What is the thousands digit of 16243079?
3
What is the tens digit of 1648675?
7
What is the millions digit of 1812284?
1
What is the tens digit of 17098376?
7
What is the hundreds digit of 236294?
2
What is the hundred thousands digit of 6756226?
7
What is the ten thousands digit of 830458?
3
What is the units digit of 525223?
3
What is the units digit of 296379?
9
What is the hundreds digit of 3197594?
5
What is the units digit of 13072470?
0
What is the hundred thousands digit of 315993?
3
What is the hundreds digit of 360059?
0
What is the tens digit of 363229?
2
What is the ten thousands digit of 4773965?
7
What is the ten thousands digit of 252243?
5
What is the thousands digit of 13608364?
8
What is the ten thousands digit of 162627?
6
What is the tens digit of 179139?
3
What is the hundreds digit of 5584572?
5
What is the millions digit of 3582751?
3
What is the ten thousands digit of 5818054?
1
What is the units digit of 204170?
0
What is the tens digit of 6893817?
1
What is the ten thousands digit of 1135503?
3
What is the ten thousands digit of 6730804?
3
What is the tens digit of 117310?
1
What is the hundred thousands digit of 3918324?
9
What is the hundreds digit of 129308?
3
What is the millions digit of 4048859?
4
What is the hundreds digit of 230426?
4
What is the ten thousands digit of 105104?
0
What is the hundred thousands digit of 2366183?
3
What is the tens digit of 636353?
5
What is the units digit of 368124?
4
What is the thousands digit of 1630849?
0
What is the millions digit of 5268484?
5
What is the thousands digit of 1080420?
0
What is the units digit of 203756?
6
What is the ten thousands digit of 510011?
1
What is the hundred thousands digit of 2486177?
4
What is the thousands digit of 13298978?
8
What is the thousands digit of 12581?
2
What is the units digit of 939276?
6
What is the millions digit of 1678969?
1
What is the thousands digit of 18574308?
4
What is the ten thousands digit of 520232?
2
What is the hundred thousands digit of 2937138?
9
What is the hundreds digit of 4015983?
9
What is the thousands digit of 5267209?
7
What is the hundreds digit of 1175232?
2
What is the hundreds digit of 530052?
0
What is the hundred thousands digit of 247392?
2
What is the thousands digit of 9060008?
0
What is the hundred thousands digit of 5635726?
6
What is the hundred thousands digit of 19414263?
4
What is the tens digit of 118660?
6
What is the thousands digit of 438187?
8
What is the ten thousands digit of 278697?
7
What is the hundred thousands digit of 1242813?
2
What is the thousands digit of 5832228?
2
What is the units digit of 90705?
5
What is the tens digit of 815845?
4
What is the tens digit of 3645?
4
What is the tens digit of 424504?
0
What is the millions digit of 1036967?
1
What is the hundred thousands digit of 25407285?
4
What is the millions digit of 1036929?
1
What is the units digit of 294699?
9
What is the units digit of 23731?
1
What is the units digit of 524240?
0
What is the hundred thousands digit of 3033690?
0
What is the hundreds digit of 90712?
7
What is the thousands digit of 1585503?
5
What is the hundreds digit of 179229?
2
What is the tens digit of 7854544?
4
What is the thousands digit of 4020063?
0
What is the millions digit of 1276929?
1
What is the hundreds digit of 205362?
3
What is the hundreds digit of 536092?
0
What is the ten thousands digit of 242902?
4
What is the units digit of 462832?
2
What is the hundred thousands digit of 1038540?
0
What is the millions digit of 1277668?
1
What is the hundreds digit of 61788?
7
What is the ten thousands digit of 1180029?
8
What is the tens digit of 2274103?
0
What is the hundreds digit of 17147?
1
What is the tens digit of 4631844?
4
What is the hundreds digit of 1231287?
2
What is the tens digit of 95537?
3
What is the ten thousands digit of 64251?
6
What is the tens digit of 207954?
5
What is the thousands digit of 292546?
2
What is the hundred thousands digit of 1193232?
1
What is the thousands digit of 587536?
7
What is the thousands digit of 346260?
6
What is the millions digit of 4807701?
4
What is the thousands digit of 205670?
5
What is the units digit of 1145019?
9
What is the thousands digit of 167885?
7
What is the hundred thousands digit of 666994?
6
What is the units digit of 7843994?
4
What is the units digit of 132979?
9
What is the tens digit of 21370166?
6
What is the thousands digit of 11237539?
7
What is the hundred thousands digit of 251471?
2
What is the thousands digit of 806838?
6
What is the units digit of 293259?
9
What is the ten millions digit of 13185110?
1
What is the hundreds digit of 583943?
9
What is the hundreds digit of 753876?
8
What is the hundreds digit of 135889?
8
What is the ten thousands digit of 183230?
8
What is the ten thousands digit of 114154?
1
What is the tens digit of 948760?
6
What is the ten thousands digit of 310148?
1
What is the thousands digit of 373602?
3
What is the ten thousands digit of 412490?
1
What is the thousands digit of 2580848?
0
What is the hundred thousands digit of 306994?
3
What is the hundred thousands digit of 1322867?
3
What is the tens digit of 288835?
3
What is the units digit of 7702452?
2
What is the units digit of 1048973?
3
What is the hundred thousands digit of 16069251?
0
What is the tens digit of 391856?
5
What is the hundreds digit of 27175661?
6
What is the tens digit of 15499421?
2
What is the tens digit of 448763?
6
What is the thousands digit of 2842292?
2
What is the hundreds digit of 3935268?
2
What is the units digit of 308014?
4
What is the thousands digit of 10771415?
1
What is the millions digit of 31074875?
1
What is the millions digit of 8728360?
8
What is the thousands digit of 344813?
4
What is the ten thousands digit of 951575?
5
What is the units digit of 850251?
1
What is the tens digit of 919905?
0
What is the ten thousands digit of 133898?
3
What is the hundreds digit of 330706?
7
What is the thousands digit of 46649?
6
What is the units digit of 4422473?
3
What is the millions digit of 3897630?
3
What is the units digit of 3734217?
7
What is the millions digit of 5972484?
5
What is the thousands digit of 64943?
4
What is the tens digit of 4602000?
0
What is the ten thousands digit of 159225?
5
What is the hundreds digit of 556274?
2
What is the hundred thousands digit of 227897?
2
What is th